{"id":1943,"date":"2026-04-02T10:50:06","date_gmt":"2026-04-02T08:50:06","guid":{"rendered":"https:\/\/hotel.tribalt.agency\/?page_id=1943"},"modified":"2026-04-02T10:51:49","modified_gmt":"2026-04-02T08:51:49","slug":"nuestro-equipo","status":"publish","type":"page","link":"https:\/\/hotel.tribalt.agency\/index.php\/es\/contacto\/nuestro-equipo\/","title":{"rendered":"Nuestro equipo"},"content":{"rendered":"\t\t<div data-elementor-type=\"wp-page\" data-elementor-id=\"1943\" class=\"elementor elementor-1943\" data-elementor-post-type=\"page\">\n\t\t\t\t<div class=\"elementor-element elementor-element-b30d932 e-flex e-con-boxed e-con e-parent\" data-id=\"b30d932\" data-element_type=\"container\" data-e-type=\"container\" data-settings=\"{&quot;background_background&quot;:&quot;classic&quot;}\">\n\t\t\t\t\t<div class=\"e-con-inner\">\n\t\t\t\t<div class=\"elementor-element elementor-element-4b2377c elementor-widget elementor-widget-image\" data-id=\"4b2377c\" data-element_type=\"widget\" data-e-type=\"widget\" data-widget_type=\"image.default\">\n\t\t\t\t\t\t\t\t\t\t\t\t\t\t\t<img fetchpriority=\"high\" decoding=\"async\" width=\"800\" height=\"582\" src=\"https:\/\/hotel.tribalt.agency\/wp-content\/uploads\/2026\/03\/notre-equipe.png\" class=\"attachment-large size-large wp-image-1073\" alt=\"\" srcset=\"https:\/\/hotel.tribalt.agency\/wp-content\/uploads\/2026\/03\/notre-equipe.png 1021w, https:\/\/hotel.tribalt.agency\/wp-content\/uploads\/2026\/03\/notre-equipe-300x218.png 300w, https:\/\/hotel.tribalt.agency\/wp-content\/uploads\/2026\/03\/notre-equipe-768x559.png 768w\" sizes=\"(max-width: 800px) 100vw, 800px\" \/>\t\t\t\t\t\t\t\t\t\t\t\t\t\t\t<\/div>\n\t\t\t\t<div class=\"elementor-element elementor-element-3fd2e93a elementor-widget elementor-widget-text-editor\" data-id=\"3fd2e93a\" data-element_type=\"widget\" data-e-type=\"widget\" data-widget_type=\"text-editor.default\">\n\t\t\t\t\t\t\t\t\t<p>Voici notre \u00e9quipe pour vous servir !<\/p>\t\t\t\t\t\t\t\t<\/div>\n\t\t\t\t\t<\/div>\n\t\t\t\t<\/div>\n\t\t<div class=\"elementor-element elementor-element-919a3e4 e-flex e-con-boxed e-con e-parent\" data-id=\"919a3e4\" data-element_type=\"container\" data-e-type=\"container\" data-settings=\"{&quot;background_background&quot;:&quot;classic&quot;}\">\n\t\t\t\t\t<div class=\"e-con-inner\">\n\t\t<div class=\"elementor-element elementor-element-ae4f0da e-con-full e-flex e-con e-child\" data-id=\"ae4f0da\" data-element_type=\"container\" data-e-type=\"container\" data-settings=\"{&quot;background_background&quot;:&quot;classic&quot;}\">\n\t\t\t\t<div class=\"elementor-element elementor-element-2fb95b06 elementor-widget elementor-widget-heading\" data-id=\"2fb95b06\" data-element_type=\"widget\" data-e-type=\"widget\" data-widget_type=\"heading.default\">\n\t\t\t\t\t<h2 class=\"elementor-heading-title elementor-size-default\">En la Recepci\u00f3n <\/h2>\t\t\t\t<\/div>\n\t\t\t\t<\/div>\n\t\t\t\t\t<\/div>\n\t\t\t\t<\/div>\n\t\t<div class=\"elementor-element elementor-element-40aeed3 e-flex e-con-boxed e-con e-parent\" data-id=\"40aeed3\" data-element_type=\"container\" data-e-type=\"container\" data-settings=\"{&quot;background_background&quot;:&quot;classic&quot;}\">\n\t\t\t\t\t<div class=\"e-con-inner\">\n\t\t<div class=\"elementor-element elementor-element-e3b4c91 e-con-full e-flex e-con e-child\" data-id=\"e3b4c91\" data-element_type=\"container\" data-e-type=\"container\">\n\t\t\t\t<div class=\"elementor-element elementor-element-d09526e elementor-widget elementor-widget-image\" data-id=\"d09526e\" data-element_type=\"widget\" data-e-type=\"widget\" data-widget_type=\"image.default\">\n\t\t\t\t\t\t\t\t\t\t\t\t\t\t\t<img decoding=\"async\" width=\"488\" height=\"530\" src=\"https:\/\/hotel.tribalt.agency\/wp-content\/uploads\/2026\/03\/aurelie.png\" class=\"attachment-large size-large wp-image-1067\" alt=\"\" srcset=\"https:\/\/hotel.tribalt.agency\/wp-content\/uploads\/2026\/03\/aurelie.png 488w, https:\/\/hotel.tribalt.agency\/wp-content\/uploads\/2026\/03\/aurelie-276x300.png 276w\" sizes=\"(max-width: 488px) 100vw, 488px\" \/>\t\t\t\t\t\t\t\t\t\t\t\t\t\t\t<\/div>\n\t\t\t\t<\/div>\n\t\t<div class=\"elementor-element elementor-element-6c14a57 e-con-full e-flex e-con e-child\" data-id=\"6c14a57\" data-element_type=\"container\" data-e-type=\"container\">\n\t\t\t\t<div class=\"elementor-element elementor-element-36f5417 elementor-widget elementor-widget-image\" data-id=\"36f5417\" data-element_type=\"widget\" data-e-type=\"widget\" data-widget_type=\"image.default\">\n\t\t\t\t\t\t\t\t\t\t\t\t\t\t\t<img decoding=\"async\" width=\"488\" height=\"529\" src=\"https:\/\/hotel.tribalt.agency\/wp-content\/uploads\/2026\/03\/candice.png\" class=\"attachment-large size-large wp-image-1068\" alt=\"\" srcset=\"https:\/\/hotel.tribalt.agency\/wp-content\/uploads\/2026\/03\/candice.png 488w, https:\/\/hotel.tribalt.agency\/wp-content\/uploads\/2026\/03\/candice-277x300.png 277w\" sizes=\"(max-width: 488px) 100vw, 488px\" \/>\t\t\t\t\t\t\t\t\t\t\t\t\t\t\t<\/div>\n\t\t\t\t<\/div>\n\t\t<div class=\"elementor-element elementor-element-9c779c6 e-con-full e-flex e-con e-child\" data-id=\"9c779c6\" data-element_type=\"container\" data-e-type=\"container\">\n\t\t\t\t<div class=\"elementor-element elementor-element-1d9545c elementor-widget elementor-widget-image\" data-id=\"1d9545c\" data-element_type=\"widget\" data-e-type=\"widget\" data-widget_type=\"image.default\">\n\t\t\t\t\t\t\t\t\t\t\t\t\t\t\t<img loading=\"lazy\" decoding=\"async\" width=\"488\" height=\"529\" src=\"https:\/\/hotel.tribalt.agency\/wp-content\/uploads\/2026\/03\/elise.png\" class=\"attachment-large size-large wp-image-1071\" alt=\"\" srcset=\"https:\/\/hotel.tribalt.agency\/wp-content\/uploads\/2026\/03\/elise.png 488w, https:\/\/hotel.tribalt.agency\/wp-content\/uploads\/2026\/03\/elise-277x300.png 277w\" sizes=\"(max-width: 488px) 100vw, 488px\" \/>\t\t\t\t\t\t\t\t\t\t\t\t\t\t\t<\/div>\n\t\t\t\t<\/div>\n\t\t\t\t\t<\/div>\n\t\t\t\t<\/div>\n\t\t<div class=\"elementor-element elementor-element-222900b e-flex e-con-boxed e-con e-parent\" data-id=\"222900b\" data-element_type=\"container\" data-e-type=\"container\" data-settings=\"{&quot;background_background&quot;:&quot;classic&quot;}\">\n\t\t\t\t\t<div class=\"e-con-inner\">\n\t\t<div class=\"elementor-element elementor-element-c8f391b e-con-full e-flex e-con e-child\" data-id=\"c8f391b\" data-element_type=\"container\" data-e-type=\"container\" data-settings=\"{&quot;background_background&quot;:&quot;classic&quot;}\">\n\t\t\t\t<div class=\"elementor-element elementor-element-ab9529f elementor-widget elementor-widget-heading\" data-id=\"ab9529f\" data-element_type=\"widget\" data-e-type=\"widget\" data-widget_type=\"heading.default\">\n\t\t\t\t\t<h2 class=\"elementor-heading-title elementor-size-default\">En las habitaciones<\/h2>\t\t\t\t<\/div>\n\t\t\t\t<\/div>\n\t\t\t\t\t<\/div>\n\t\t\t\t<\/div>\n\t\t<div class=\"elementor-element elementor-element-221caf3 e-flex e-con-boxed e-con e-parent\" data-id=\"221caf3\" data-element_type=\"container\" data-e-type=\"container\" data-settings=\"{&quot;background_background&quot;:&quot;classic&quot;}\">\n\t\t\t\t\t<div class=\"e-con-inner\">\n\t\t<div class=\"elementor-element elementor-element-461d800 e-con-full e-flex e-con e-child\" data-id=\"461d800\" data-element_type=\"container\" data-e-type=\"container\">\n\t\t\t\t<div class=\"elementor-element elementor-element-89bc98c elementor-widget elementor-widget-image\" data-id=\"89bc98c\" data-element_type=\"widget\" data-e-type=\"widget\" data-widget_type=\"image.default\">\n\t\t\t\t\t\t\t\t\t\t\t\t\t\t\t<img loading=\"lazy\" decoding=\"async\" width=\"547\" height=\"550\" src=\"https:\/\/hotel.tribalt.agency\/wp-content\/uploads\/2026\/03\/cristina-2.png\" class=\"attachment-large size-large wp-image-1070\" alt=\"\" srcset=\"https:\/\/hotel.tribalt.agency\/wp-content\/uploads\/2026\/03\/cristina-2.png 547w, https:\/\/hotel.tribalt.agency\/wp-content\/uploads\/2026\/03\/cristina-2-298x300.png 298w, https:\/\/hotel.tribalt.agency\/wp-content\/uploads\/2026\/03\/cristina-2-150x150.png 150w\" sizes=\"(max-width: 547px) 100vw, 547px\" \/>\t\t\t\t\t\t\t\t\t\t\t\t\t\t\t<\/div>\n\t\t\t\t<\/div>\n\t\t<div class=\"elementor-element elementor-element-1d37b4a e-con-full e-flex e-con e-child\" data-id=\"1d37b4a\" data-element_type=\"container\" data-e-type=\"container\">\n\t\t\t\t<div class=\"elementor-element elementor-element-26347f5 elementor-widget elementor-widget-image\" data-id=\"26347f5\" data-element_type=\"widget\" data-e-type=\"widget\" data-widget_type=\"image.default\">\n\t\t\t\t\t\t\t\t\t\t\t\t\t\t\t<img loading=\"lazy\" decoding=\"async\" width=\"488\" height=\"529\" src=\"https:\/\/hotel.tribalt.agency\/wp-content\/uploads\/2026\/03\/lourdes.png\" class=\"attachment-large size-large wp-image-1072\" alt=\"\" srcset=\"https:\/\/hotel.tribalt.agency\/wp-content\/uploads\/2026\/03\/lourdes.png 488w, https:\/\/hotel.tribalt.agency\/wp-content\/uploads\/2026\/03\/lourdes-277x300.png 277w\" sizes=\"(max-width: 488px) 100vw, 488px\" \/>\t\t\t\t\t\t\t\t\t\t\t\t\t\t\t<\/div>\n\t\t\t\t<\/div>\n\t\t<div class=\"elementor-element elementor-element-9ff72b4 e-con-full e-flex e-con e-child\" data-id=\"9ff72b4\" data-element_type=\"container\" data-e-type=\"container\">\n\t\t\t\t<div class=\"elementor-element elementor-element-bd2afd7 elementor-widget elementor-widget-image\" data-id=\"bd2afd7\" data-element_type=\"widget\" data-e-type=\"widget\" data-widget_type=\"image.default\">\n\t\t\t\t\t\t\t\t\t\t\t\t\t\t\t<img loading=\"lazy\" decoding=\"async\" width=\"488\" height=\"528\" src=\"https:\/\/hotel.tribalt.agency\/wp-content\/uploads\/2026\/03\/claren.png\" class=\"attachment-large size-large wp-image-1069\" alt=\"\" srcset=\"https:\/\/hotel.tribalt.agency\/wp-content\/uploads\/2026\/03\/claren.png 488w, https:\/\/hotel.tribalt.agency\/wp-content\/uploads\/2026\/03\/claren-277x300.png 277w\" sizes=\"(max-width: 488px) 100vw, 488px\" \/>\t\t\t\t\t\t\t\t\t\t\t\t\t\t\t<\/div>\n\t\t\t\t<\/div>\n\t\t\t\t\t<\/div>\n\t\t\t\t<\/div>\n\t\t<div class=\"elementor-element elementor-element-2016197 e-flex e-con-boxed e-con e-parent\" data-id=\"2016197\" data-element_type=\"container\" data-e-type=\"container\" data-settings=\"{&quot;background_background&quot;:&quot;classic&quot;}\">\n\t\t\t\t\t<div class=\"e-con-inner\">\n\t\t<div class=\"elementor-element elementor-element-fdd990a e-con-full e-flex e-con e-child\" data-id=\"fdd990a\" data-element_type=\"container\" data-e-type=\"container\" data-settings=\"{&quot;background_background&quot;:&quot;classic&quot;}\">\n\t\t\t\t<div class=\"elementor-element elementor-element-f4f0a5d elementor-widget elementor-widget-heading\" data-id=\"f4f0a5d\" data-element_type=\"widget\" data-e-type=\"widget\" data-widget_type=\"heading.default\">\n\t\t\t\t\t<h2 class=\"elementor-heading-title elementor-size-default\">Detr\u00e1s de los escritorios<\/h2>\t\t\t\t<\/div>\n\t\t\t\t<\/div>\n\t\t\t\t\t<\/div>\n\t\t\t\t<\/div>\n\t\t<div class=\"elementor-element elementor-element-753ff04 e-flex e-con-boxed e-con e-parent\" data-id=\"753ff04\" data-element_type=\"container\" data-e-type=\"container\" data-settings=\"{&quot;background_background&quot;:&quot;classic&quot;}\">\n\t\t\t\t\t<div class=\"e-con-inner\">\n\t\t<div class=\"elementor-element elementor-element-639f11f e-con-full e-flex e-con e-child\" data-id=\"639f11f\" data-element_type=\"container\" data-e-type=\"container\">\n\t\t\t\t<div class=\"elementor-element elementor-element-c2da74e elementor-widget elementor-widget-image\" data-id=\"c2da74e\" data-element_type=\"widget\" data-e-type=\"widget\" data-widget_type=\"image.default\">\n\t\t\t\t\t\t\t\t\t\t\t\t\t\t\t<img loading=\"lazy\" decoding=\"async\" width=\"537\" height=\"529\" src=\"https:\/\/hotel.tribalt.agency\/wp-content\/uploads\/2026\/03\/alice.png\" class=\"attachment-large size-large wp-image-1066\" alt=\"\" srcset=\"https:\/\/hotel.tribalt.agency\/wp-content\/uploads\/2026\/03\/alice.png 537w, https:\/\/hotel.tribalt.agency\/wp-content\/uploads\/2026\/03\/alice-300x296.png 300w\" sizes=\"(max-width: 537px) 100vw, 537px\" \/>\t\t\t\t\t\t\t\t\t\t\t\t\t\t\t<\/div>\n\t\t\t\t<\/div>\n\t\t<div class=\"elementor-element elementor-element-24e1c58 e-con-full e-flex e-con e-child\" data-id=\"24e1c58\" data-element_type=\"container\" data-e-type=\"container\">\n\t\t\t\t<div class=\"elementor-element elementor-element-b2c77f6 elementor-widget elementor-widget-image\" data-id=\"b2c77f6\" data-element_type=\"widget\" data-e-type=\"widget\" data-widget_type=\"image.default\">\n\t\t\t\t\t\t\t\t\t\t\t\t\t\t\t<img loading=\"lazy\" decoding=\"async\" width=\"488\" height=\"528\" src=\"https:\/\/hotel.tribalt.agency\/wp-content\/uploads\/2026\/03\/william.png\" class=\"attachment-large size-large wp-image-1074\" alt=\"\" srcset=\"https:\/\/hotel.tribalt.agency\/wp-content\/uploads\/2026\/03\/william.png 488w, https:\/\/hotel.tribalt.agency\/wp-content\/uploads\/2026\/03\/william-277x300.png 277w\" sizes=\"(max-width: 488px) 100vw, 488px\" \/>\t\t\t\t\t\t\t\t\t\t\t\t\t\t\t<\/div>\n\t\t\t\t<\/div>\n\t\t<div class=\"elementor-element elementor-element-3563412 e-con-full e-flex e-con e-child\" data-id=\"3563412\" data-element_type=\"container\" data-e-type=\"container\">\n\t\t\t\t<\/div>\n\t\t\t\t\t<\/div>\n\t\t\t\t<\/div>\n\t\t<div class=\"elementor-element elementor-element-64291c3 e-flex e-con-boxed e-con e-parent\" data-id=\"64291c3\" data-element_type=\"container\" data-e-type=\"container\" data-settings=\"{&quot;background_background&quot;:&quot;classic&quot;}\">\n\t\t\t\t\t<div class=\"e-con-inner\">\n\t\t\t\t<div class=\"elementor-element elementor-element-bcb371f elementor-mobile-align-center elementor-widget elementor-widget-button\" data-id=\"bcb371f\" data-element_type=\"widget\" data-e-type=\"widget\" data-widget_type=\"button.default\">\n\t\t\t\t\t\t\t\t\t\t<a class=\"elementor-button elementor-button-link elementor-size-sm\" href=\"https:\/\/hotel.tribalt.agency\/index.php\/es\/contacto\/\">\n\t\t\t\t\t\t<span class=\"elementor-button-content-wrapper\">\n\t\t\t\t\t\t\t\t\t<span class=\"elementor-button-text\">Atr\u00e1s<\/span>\n\t\t\t\t\t<\/span>\n\t\t\t\t\t<\/a>\n\t\t\t\t\t\t\t\t<\/div>\n\t\t\t\t\t<\/div>\n\t\t\t\t<\/div>\n\t\t\t\t<\/div>\n\t\t","protected":false},"excerpt":{"rendered":"<p>Voici notre \u00e9quipe pour vous servir ! En la Recepci\u00f3n En las habitaciones Detr\u00e1s de los escritorios Atr\u00e1s<\/p>\n","protected":false},"author":1,"featured_media":0,"parent":1940,"menu_order":0,"comment_status":"closed","ping_status":"closed","template":"","meta":{"footnotes":""},"class_list":["post-1943","page","type-page","status-publish","hentry"],"_links":{"self":[{"href":"https:\/\/hotel.tribalt.agency\/index.php\/wp-json\/wp\/v2\/pages\/1943","targetHints":{"allow":["GET"]}}],"collection":[{"href":"https:\/\/hotel.tribalt.agency\/index.php\/wp-json\/wp\/v2\/pages"}],"about":[{"href":"https:\/\/hotel.tribalt.agency\/index.php\/wp-json\/wp\/v2\/types\/page"}],"author":[{"embeddable":true,"href":"https:\/\/hotel.tribalt.agency\/index.php\/wp-json\/wp\/v2\/users\/1"}],"replies":[{"embeddable":true,"href":"https:\/\/hotel.tribalt.agency\/index.php\/wp-json\/wp\/v2\/comments?post=1943"}],"version-history":[{"count":4,"href":"https:\/\/hotel.tribalt.agency\/index.php\/wp-json\/wp\/v2\/pages\/1943\/revisions"}],"predecessor-version":[{"id":1950,"href":"https:\/\/hotel.tribalt.agency\/index.php\/wp-json\/wp\/v2\/pages\/1943\/revisions\/1950"}],"up":[{"embeddable":true,"href":"https:\/\/hotel.tribalt.agency\/index.php\/wp-json\/wp\/v2\/pages\/1940"}],"wp:attachment":[{"href":"https:\/\/hotel.tribalt.agency\/index.php\/wp-json\/wp\/v2\/media?parent=1943"}],"curies":[{"name":"wp","href":"https:\/\/api.w.org\/{rel}","templated":true}]}}